{"id":351,"date":"2022-02-03T11:45:56","date_gmt":"2022-02-03T11:45:56","guid":{"rendered":"https:\/\/neiholding.ro\/?page_id=351"},"modified":"2022-05-02T07:54:59","modified_gmt":"2022-05-02T07:54:59","slug":"nei-holding","status":"publish","type":"page","link":"https:\/\/neiholding.ro\/index.php\/nei-holding\/","title":{"rendered":"NEI HOLDING"},"content":{"rendered":"\t\t<div data-elementor-type=\"wp-page\" data-elementor-id=\"351\" class=\"elementor elementor-351\">\n\t\t\t\t\t\t<section class=\"elementor-section elementor-top-section elementor-element elementor-element-745a2876 elementor-section-full_width elementor-section-height-min-height elementor-section-content-middle elementor-section-height-default elementor-section-items-middle\" data-id=\"745a2876\" data-element_type=\"section\" data-settings=\"{&quot;background_background&quot;:&quot;classic&quot;}\">\n\t\t\t\t\t\t<div class=\"elementor-container elementor-column-gap-no\">\n\t\t\t\t\t<div class=\"elementor-column elementor-col-50 elementor-top-column elementor-element elementor-element-342ddb9e\" data-id=\"342ddb9e\" data-element_type=\"column\">\n\t\t\t<div class=\"elementor-widget-wrap elementor-element-populated\">\n\t\t\t\t\t\t<div class=\"elementor-element elementor-element-7799fb1d elementor-widget__width-auto elementor-widget elementor-widget-heading\" data-id=\"7799fb1d\" data-element_type=\"widget\" data-widget_type=\"heading.default\">\n\t\t\t\t<div class=\"elementor-widget-container\">\n\t\t\t<p class=\"elementor-heading-title elementor-size-default\">SUCCESS, TOGETHER<\/p>\t\t<\/div>\n\t\t\t\t<\/div>\n\t\t\t\t<div class=\"elementor-element elementor-element-568b4a89 elementor-widget elementor-widget-heading\" data-id=\"568b4a89\" data-element_type=\"widget\" data-widget_type=\"heading.default\">\n\t\t\t\t<div class=\"elementor-widget-container\">\n\t\t\t<h1 class=\"elementor-heading-title elementor-size-default\">PACHETE BUSINESS<\/h1>\t\t<\/div>\n\t\t\t\t<\/div>\n\t\t\t\t<div class=\"elementor-element elementor-element-7817374b elementor-widget__width-initial elementor-widget elementor-widget-text-editor\" data-id=\"7817374b\" data-element_type=\"widget\" data-widget_type=\"text-editor.default\">\n\t\t\t\t<div class=\"elementor-widget-container\">\n\t\t\t\t\t\t\t<h4><strong>Servicii integrate de securitate. Securitate la incendiu. Servicii medicale.<\/strong><\/h4>\t\t\t\t\t\t<\/div>\n\t\t\t\t<\/div>\n\t\t\t\t<div class=\"elementor-element elementor-element-decff95 elementor-widget elementor-widget-image\" data-id=\"decff95\" data-element_type=\"widget\" data-widget_type=\"image.default\">\n\t\t\t\t<div class=\"elementor-widget-container\">\n\t\t\t\t\t\t\t\t\t\t\t\t\t<img fetchpriority=\"high\" decoding=\"async\" width=\"300\" height=\"300\" src=\"https:\/\/neiholding.ro\/wp-content\/uploads\/2022\/01\/pachete-300x300.jpg\" class=\"attachment-medium size-medium wp-image-128\" alt=\"\" srcset=\"https:\/\/neiholding.ro\/wp-content\/uploads\/2022\/01\/pachete-300x300.jpg 300w, https:\/\/neiholding.ro\/wp-content\/uploads\/2022\/01\/pachete-150x150.jpg 150w, https:\/\/neiholding.ro\/wp-content\/uploads\/2022\/01\/pachete.jpg 512w\" sizes=\"(max-width: 300px) 100vw, 300px\" \/>\t\t\t\t\t\t\t\t\t\t\t\t\t<\/div>\n\t\t\t\t<\/div>\n\t\t\t\t\t<\/div>\n\t\t<\/div>\n\t\t\t\t<div class=\"elementor-column elementor-col-50 elementor-top-column elementor-element elementor-element-47f6345c\" data-id=\"47f6345c\" data-element_type=\"column\">\n\t\t\t<div class=\"elementor-widget-wrap elementor-element-populated\">\n\t\t\t\t\t\t<div class=\"elementor-element elementor-element-f53ade9 elementor-widget elementor-widget-form\" data-id=\"f53ade9\" data-element_type=\"widget\" data-widget_type=\"form.default\">\n\t\t\t\t<div class=\"elementor-widget-container\">\n\t\t\t \t\t<\/div>\n\t\t\t\t<\/div>\n\t\t\t\t\t<\/div>\n\t\t<\/div>\n\t\t\t\t\t<\/div>\n\t\t<\/section>\n\t\t\t\t<section class=\"elementor-section elementor-top-section elementor-element elementor-element-22702c08 elementor-section-full_width elementor-section-content-top elementor-section-height-default elementor-section-height-default\" data-id=\"22702c08\" data-element_type=\"section\" data-settings=\"{&quot;background_background&quot;:&quot;classic&quot;}\">\n\t\t\t\t\t\t<div class=\"elementor-container elementor-column-gap-no\">\n\t\t\t\t\t<div class=\"elementor-column elementor-col-50 elementor-top-column elementor-element elementor-element-702b81d0\" data-id=\"702b81d0\" data-element_type=\"column\">\n\t\t\t<div class=\"elementor-widget-wrap elementor-element-populated\">\n\t\t\t\t\t\t<div class=\"elementor-element elementor-element-95c7e5a elementor-widget__width-initial elementor-widget elementor-widget-text-editor\" data-id=\"95c7e5a\" data-element_type=\"widget\" data-widget_type=\"text-editor.default\">\n\t\t\t\t<div class=\"elementor-widget-container\">\n\t\t\t\t\t\t\t<h4><b>Avem deosebita pl\u0103cere \u0219i onoare de a v\u0103 aduce \u00een prim-plan compania noastr\u0103, prezent\u00e2ndu-v\u0103 activit\u0103\u021bile \u0219i oportunit\u0103\u0163ile de afaceri pe care, consider\u0103m noi, le putem dezvolta cu dumneavoastr\u0103, <\/b><b>\u00een scopul unor colabor\u0103ri durabile \u0219i eficiente.<\/b><\/h4>\t\t\t\t\t\t<\/div>\n\t\t\t\t<\/div>\n\t\t\t\t\t<\/div>\n\t\t<\/div>\n\t\t\t\t<div class=\"elementor-column elementor-col-50 elementor-top-column elementor-element elementor-element-4a7c8a65\" data-id=\"4a7c8a65\" data-element_type=\"column\">\n\t\t\t<div class=\"elementor-widget-wrap elementor-element-populated\">\n\t\t\t\t\t\t<div class=\"elementor-element elementor-element-1d347631 elementor-widget__width-initial elementor-widget-tablet__width-inherit elementor-widget elementor-widget-text-editor\" data-id=\"1d347631\" data-element_type=\"widget\" data-settings=\"{&quot;_animation&quot;:&quot;none&quot;}\" data-widget_type=\"text-editor.default\">\n\t\t\t\t<div class=\"elementor-widget-container\">\n\t\t\t\t\t\t\t<p>Grupul de firme NEI HOLDING a fost \u00eenfiintat \u00een anul 2002 ca o entitate cu capital privat, integral rom\u00e2nesc, oferind \u0219i complet\u00e2nd treptat o gam\u0103 de produse \u0219i servicii \u00een diferite domenii. Mai exact, activit\u0103\u021bile de baz\u0103 ale companiei au pornit de la furnizarea de servicii de securitate, protec\u0163ie, paz\u0103, transport valori, instal\u0103ri de sisteme tehnice, ajung\u00e2nd \u00een prezent s\u0103 ofere servicii integrate \u0219i \u00een domeniul securit\u0103\u0163ii la incendiu, serviciilor de detectivi, consultan\u021bei \u00een afaceri, confec\u0163iilor de echipamente de protec\u0163ie \u0219i serviciilor medicale.<\/p><p>Knowhow-ul echipei manageriale precum \u0219i al tuturor colaboratorilor, partenerilor \u0219i al intregului personal se bazeaz\u0103 pe o experien\u0163\u0103 de peste 19 ani \u00een domeniile din portofoliul holdingului, fapt ce garanteaz\u0103 calitatea la cel mai \u00eenalt nivel a serviciilor prestate de companie. Aceast\u0103 experien\u0163\u0103 \u00eencepe din sectorul de consultan\u021b\u0103 \u0219i<\/p><p>continu\u0103 p\u00e2n\u0103 la asigurarea integral\u0103 a serviciilor din portofoliul companiei.<\/p><p>Astfel, Nei Divizia de Securitate, Nei View, Nei Facility Management, Nei Medica Asist, Nei Air, Nei Fire Services, Agentia Privata de Investigatii Nei, Nei Tehnic Si Calitate, Nei HR, Nei Fashion Stylen si Nei Management Consulting, toate firme din cadrul Neiholding, pot deveni parteneri de \u00eencredere ai companiei dumneavoastr\u0103.<\/p>\t\t\t\t\t\t<\/div>\n\t\t\t\t<\/div>\n\t\t\t\t\t<\/div>\n\t\t<\/div>\n\t\t\t\t\t<\/div>\n\t\t<\/section>\n\t\t\t\t<\/div>\n\t\t","protected":false},"excerpt":{"rendered":"<p>SUCCESS, TOGETHER PACHETE BUSINESS Servicii integrate de securitate. Securitate la incendiu. Servicii medicale. Avem deosebita pl\u0103cere \u0219i onoare de a v\u0103 aduce \u00een prim-plan compania noastr\u0103, prezent\u00e2ndu-v\u0103 activit\u0103\u021bile \u0219i oportunit\u0103\u0163ile de afaceri pe care, consider\u0103m noi, le putem dezvolta cu dumneavoastr\u0103, \u00een scopul unor colabor\u0103ri durabile \u0219i eficiente. Grupul de firme NEI HOLDING a fost [&hellip;]<\/p>\n","protected":false},"author":1,"featured_media":0,"parent":0,"menu_order":0,"comment_status":"closed","ping_status":"closed","template":"elementor_header_footer","meta":{"footnotes":""},"class_list":["post-351","page","type-page","status-publish","hentry"],"_links":{"self":[{"href":"https:\/\/neiholding.ro\/index.php\/wp-json\/wp\/v2\/pages\/351","targetHints":{"allow":["GET"]}}],"collection":[{"href":"https:\/\/neiholding.ro\/index.php\/wp-json\/wp\/v2\/pages"}],"about":[{"href":"https:\/\/neiholding.ro\/index.php\/wp-json\/wp\/v2\/types\/page"}],"author":[{"embeddable":true,"href":"https:\/\/neiholding.ro\/index.php\/wp-json\/wp\/v2\/users\/1"}],"replies":[{"embeddable":true,"href":"https:\/\/neiholding.ro\/index.php\/wp-json\/wp\/v2\/comments?post=351"}],"version-history":[{"count":50,"href":"https:\/\/neiholding.ro\/index.php\/wp-json\/wp\/v2\/pages\/351\/revisions"}],"predecessor-version":[{"id":1010,"href":"https:\/\/neiholding.ro\/index.php\/wp-json\/wp\/v2\/pages\/351\/revisions\/1010"}],"wp:attachment":[{"href":"https:\/\/neiholding.ro\/index.php\/wp-json\/wp\/v2\/media?parent=351"}],"curies":[{"name":"wp","href":"https:\/\/api.w.org\/{rel}","templated":true}]}}